s 239 divide 185197993?
True
Is 1111776081 a multiple of 51?
True
Is 264356168 a multiple of 16?
False
Is 66 a factor of 220536558?
True
Is 485 a factor of 104066935?
True
Is 16 a factor of 696187100?
False
Does 71 divide 20123233?
False
Is 57 a factor of 73526124?
True
Is 75543268 a multiple of 337?
True
Is 624 a factor of 12018864?
True
Does 2442 divide 664707516?
True
Is 653 a factor of 81895342?
True
Is 104209872 a multiple of 624?
True
Is 260031069 a multiple of 31?
True
Is 8 a factor of 527347711?
False
Is 382607359 a multiple of 110?
False
Is 48 a factor of 10701587?
False
Does 224 divide 429909540?
False
Is 93 a factor of 184707363?
False
Does 456 divide 381013992?
True
Is 86 a factor of 139148776?
False
Is 3529 a factor of 32221070?
False
Is 405 a factor of 1585709867?
False
Does 21 divide 18972941?
False
Does 141 divide 20615046?
True
Is 391339842 a multiple of 23?
False
Does 367 divide 67601198?
False
Is 95489631 a multiple of 446?
False
Is 158059333 a multiple of 433?
False
Is 675677724 a multiple of 22?
False
Does 284 divide 256119720?
True
Does 254 divide 6362700?
True
Does 78 divide 62708120?
False
Does 1825 divide 17605775?
True
Does 11 divide 70738520?
False
Does 15 divide 466696650?
True
Does 121 divide 1565084?
False
Is 460588208 a multiple of 1972?
True
Is 332 a factor of 1636208216?
True
Is 110424545 a multiple of 11?
True
Does 1465 divide 5037353?
False
Does 19 divide 8309802?
True
Is 76052504 a multiple of 22?
True
Does 25 divide 972264556?
False
Is 5937053818 a multiple of 12?
False
Is 30865536 a multiple of 832?
True
Is 4383408 a multiple of 402?
True
Does 36 divide 53402522?
False
Is 55982740 a multiple of 1121?
True
Does 24 divide 70404360?
True
Does 3546 divide 835044069?
False
Is 6 a factor of 1280635948?
False
Does 43 divide 33268585?
False
Is 439 a factor of 7950729?
True
Is 2162 a factor of 116152570?
False
Does 489 divide 11521437?
False
Is 27 a factor of 2353704745?
False
Is 80 a factor of 15810400?
True
Is 32 a factor of 290430005?
False
Does 156 divide 6656726?
False
Does 1512 divide 2623402377?
False
Is 535833440 a multiple of 380?
True
Does 379 divide 1333720329?
True
Is 2496752988 a multiple of 453?
True
Is 44 a factor of 5059628?
False
Is 609 a factor of 3348814266?
True
Is 43 a factor of 5610537?
False
Is 191423724 a multiple of 25?
False
Is 198 a factor of 8027716?
False
Is 1608990608 a multiple of 139?
True
Is 56 a factor of 3762192?
True
Is 21358850 a multiple of 190?
True
Is 6590 a factor of 59048905?
False
Does 1321 divide 85611368?
True
Does 872 divide 1537896696?
True
Is 7 a factor of 38315144?
True
Is 86174389 a multiple of 24?
False
Does 15 divide 424267080?
True
Is 1360030 a multiple of 11?
False
Is 2223149556 a multiple of 30?
False
Is 31178443 a multiple of 1920?
False
Is 80 a factor of 85928400?
True
Does 1262 divide 42841114?
True
Is 28 a factor of 42383825?
False
Is 558379396 a multiple of 1304?
False
Is 1661058554 a multiple of 83?
False
Does 527 divide 130131441?
False
Does 4090 divide 1046851860?
True
Is 625994421 a multiple of 6?
False
Is 26483705 a multiple of 865?
True
Does 3626 divide 53588944?
False
Does 144 divide 18711637?
False
Is 65 a factor of 234670930?
True
Is 609 a factor of 2912191536?
False
Does 4637 divide 422526471?
False
Does 3 divide 41620719?
True
Does 184 divide 21007096?
True
Does 76 divide 116982772?
True
Is 189824040 a multiple of 540?
True
Does 16 divide 507886793?
False
Is 37869909 a multiple of 71?
True
Is 1314200010 a multiple of 1797?
True
Does 13 divide 328678545?
True
Is 8179536 a multiple of 2852?
True
Does 5 divide 74271385?
True
Does 2272 divide 19073440?
True
Is 46616948 a multiple of 7?
True
Is 2314045 a multiple of 47?
True
Is 2582 a factor of 4641496?
False
Does 726 divide 317931003?
False
Does 2681 divide 1905475173?
True
Does 14 divide 85897478?
False
Does 820 divide 77555600?
True
Does 423 divide 58904019?
True
Is 609 a factor of 1549130352?
True
Is 12644955 a multiple of 21?
False
Does 3657 divide 43813204?
False
Does 29 divide 160183501?
True
Is 18559424 a multiple of 208?
True
Does 4 divide 23475486?
False
Does 325 divide 1153336925?
True
Is 255 a factor of 47973405?
True
Is 5 a factor of 762546510?
True
Is 78 a factor of 25033086?
True
Is 9 a factor of 691354094?
False
Is 1514 a factor of 772235382?
True
Does 104 divide 261085271?
False
Is 10 a factor of 65495228?
False
Is 44 a factor of 74871016?
True
Is 2467901412 a multiple of 228?
True
Is 15428610 a multiple of 270?
True
Is 75 a factor of 528736363?
False
Is 26509938 a multiple of 26?
True
Is 20646005 even?
False
Does 619 divide 8288410?
True
Is 528091403 a multiple of 92?
False
Is 6926039 a multiple of 18?
False
Is 23 a factor of 102819974?
False
Is 468701640 a multiple of 270?
True
Does 799 divide 206670139?
True
Is 217 a factor of 79731442?
True
Is 2634 a factor of 211631364?
True
Is 35581774 a multiple of 211?
True
Is 894 a factor of 60920736?
True
Is 242 a factor of 3895121?
False
Does 598 divide 6538532?
True
Does 29 divide 32809206?
False
Is 513594450 a multiple of 450?
True
Does 126 divide 3385457141?
False
Is 22 a factor of 1808399934?
True
Does 1868 divide 183887788?
True
Is 27 a factor of 299508838?
False
Is 3618018899 a multiple of 2321?
True
Is 1032552150 a multiple of 242?
False
Does 243 divide 1195362947?
False
Does 23 divide 49195049?
False
Is 376 a factor of 135180655?
False
Is 394 a factor of 215050122?
False
Does 9 divide 6002047?
False
Is 539280444 a multiple of 862?
False
Does 2231 divide 279147720?
False
Does 5 divide 262137070?
True
Is 243 a factor of 516549554?
False
Does 20 divide 628477360?
True
Is 21588754 a multiple of 32?
False
Is 3005218604 a multiple of 5169?
False
Is 221 a factor of 159473489?
False
Does 24 divide 7736926?
False
Is 20 a factor of 700568504?
False
Is 1029 a factor of 298711432?
False
Is 531 a factor of 511644611?
False
Is 23 a factor of 7533940?
False
Is 612 a factor of 28994724?
True
Is 12696 a factor of 4351477824?
True
Is 74016768 a multiple of 112?
True
Does 10 divide 391918240?
True
Is 45627347 a multiple of 606?
False
Does 33 divide 7051555203?
True
Does 238 divide 21493248?
False
Is 4430 a factor of 2948592639?
False
Does 19 divide 46795005?
True
Is 180839216 a multiple of 3283?
False
Does 402 divide 1472334246?
True
Is 192627160 a multiple of 4840?
True
Is 922303281 a multiple of 5477?
False
Is 171 a factor of 487135028?
False
Is 106283955 a multiple of 2?
False
Does 205 divide 159977232?
False
Is 553 a factor of 309724?
False
Does 13 divide 169758641?
True
Is 21 a factor of 158317047?
True
Is 92 a factor of 38232716?
True
Does 70 divide 52464356?
False
Is 319 a factor of 225580463?
False
Is 48 a factor of 612749034?
False
Is 236750192 a multiple of 1710?
False
Is 267847601 a multiple of 181?
True
Is 52 a factor of 16065309?
False
Does 28 divide 71027603?
False
Does 1928 divide 29669992?
True
Is 1825696092 a multiple of 22?
True
Does 109 divide 278326480?
False
Is 86 a factor of 76686471?
False
Does 2486 divide 4222577898?
True
Does 902 divide 2991800504?
True
Does 37 divide 81583075?
False
Is 950 a factor of 746866199?
False
Does 2237 divide 2329235984?
True
Is 584 a factor of 16334651?
False
Is 2532 a factor of 108806625?
False
Is 2420426297 a multiple of 25?
False
Is 19 a factor of 1662319025?
True
Is 11282751 a multiple of 19?
True
Is 82100729 a multiple of 65?
False
Is 2300 a factor of 3220832600?
True
Does 1046 divide 11027178?
False
Is 1471570490 a multiple of 377?
True
Does 57 divide 62504008?
False
Is 31533046 a multiple of 662?
True
Does 1780 divide 274254281?
False
Does 2733 divide 119828385?
True
Is 605 a factor of 14060526?
False
Is 115802113 a multiple of 6?
False
Is 13746880 a multiple of 608?
True
Does 604 divide 1885177620?
True
Is 112179672 a multiple of 3336?
True
Does 1103 divide 143043658?
True
Does 409 divide 68162713?
True
Is 1529134736 a multiple of 701?
False
Is 246 a factor of 269800464?
False
Is 18 a factor of 27795396?
False
Is 2823419542 a multiple of 2455?
False
Does 3966 divide 158358414?
True
Does 810 divide 217850514?
False
Is 1076 a factor of 163658686?
False
Is 8850523 a multiple of 187?
True
Is 1493195 a multiple of 33?
False
Is 14 a factor of 534046048?
False
Is 1291134782 a multiple of 1415